{"id":10691,"date":"2026-01-01T20:44:24","date_gmt":"2026-01-01T17:44:24","guid":{"rendered":"https:\/\/space21.org\/studyo\/"},"modified":"2026-03-02T19:18:11","modified_gmt":"2026-03-02T16:18:11","slug":"studyo","status":"publish","type":"page","link":"https:\/\/space21.org\/ckb\/studyo\/","title":{"rendered":"St\u00fbdyo"},"content":{"rendered":"<div class=\"fusion-fullwidth fullwidth-box fusion-builder-row-1 fusion-flex-container has-pattern-background has-mask-background nonhundred-percent-fullwidth non-hundred-percent-height-scrolling\" style=\"--awb-border-radius-top-left:0px;--awb-border-radius-top-right:0px;--awb-border-radius-bottom-right:0px;--awb-border-radius-bottom-left:0px;--awb-padding-top:0px;--awb-padding-right:0px;--awb-padding-bottom:0px;--awb-padding-left:0px;--awb-flex-wrap:wrap;\" ><div class=\"fusion-builder-row fusion-row fusion-flex-align-items-flex-start fusion-flex-content-wrap\" style=\"max-width:1300px;margin-left: calc(-4% \/ 2 );margin-right: calc(-4% \/ 2 );\"><div class=\"fusion-layout-column fusion_builder_column fusion-builder-column-0 fusion_builder_column_1_1 1_1 fusion-flex-column\" style=\"--awb-bg-size:cover;--awb-width-large:100%;--awb-margin-top-large:0px;--awb-spacing-right-large:0px;--awb-margin-bottom-large:20px;--awb-spacing-left-large:0px;--awb-width-medium:100%;--awb-order-medium:0;--awb-spacing-right-medium:1.92%;--awb-spacing-left-medium:1.92%;--awb-width-small:100%;--awb-order-small:0;--awb-spacing-right-small:1.92%;--awb-spacing-left-small:1.92%;\" data-scroll-devices=\"small-visibility,medium-visibility,large-visibility\"><div class=\"fusion-column-wrapper fusion-column-has-shadow fusion-flex-justify-content-flex-start fusion-content-layout-column\"><div class=\"fusion-text fusion-text-1\"><p><span data-sheets-root=\"1\">SPACE21 Studio projeyek laborat\u00fbara deng\u00ee ya d\u00eenam\u00eek e ku bi hevkariya Zan\u00eengeha Sil\u00eamaniy\u00ea hatiye p\u00ea\u015fxistin. St\u00fbdyo, ku wek\u00ee \u00een\u00eesiyat\u00eefek l\u00eakol\u00een\u00ea ya navnetewey\u00ee \u00fb d\u00ees\u00eepl\u00eendar hatiye s\u00eawirandin, wek\u00ee pirek gir\u00eeng ji bo parvekirina zan\u00een \u00fb prat\u00eek\u00ean afir\u00eener di navbera zan\u00eengeh, dibistan \u00fb civaka her\u00eam\u00ee de kar dike. Erka me ew e ku em hevkariy\u00ea di navbera d\u00ees\u00eepl\u00een \u00fb \u00e7andan de p\u00ea\u015f bixin, \u00fb r\u00eabaz\u00ean n\u00fbjen ji bo hunera deng, muz\u00eeka ceribandin\u00ee \u00fb l\u00eakol\u00eena deng\u00ee te\u015fw\u00eeq bikin. Bi r\u00eaya atolyeyan, projey\u00ean l\u00eakol\u00een\u00ea y\u00ean hevkar \u00fb \u00e7alakiy\u00ean gi\u015ft\u00ee, SPACE21 Studio ji bo xwendekar, l\u00eakol\u00eener, hunermend \u00fb ni\u015ftecih\u00ean her\u00eam\u00ee derfetan diafir\u00eene da ku be\u015fdar\u00ee diyalog, ceribandin \u00fb dan\u00fbstandina afir\u00eener bibin. Bi gir\u00eadana saziy\u00ean akadem\u00eek bi civaka berfirehtir re, armanc dike ku studyo perspekt\u00eef\u00ean n\u00fb \u00eelham bike \u00fb pi\u015ftgiriy\u00ea bide p\u00ea\u015fxistina prat\u00eek\u00ean deng\u00ee y\u00ean p\u00ea\u015fkeft\u00ee li Kurdistan\u00ea \u00fb dervey\u00ee w\u00ea. \u00c7i h\u00fbn bi l\u00eager\u00eena huner\u00ee, l\u00eapirs\u00eena zanist\u00ee, an j\u00ee bi tevl\u00eab\u00fbna civak\u00ea re eleqedar bin, SPACE21 Studio platformek ji bo ved\u00eetin \u00fb gir\u00eadan\u00ea li qada hevd\u00eetina deng, l\u00eakol\u00een \u00fb civak\u00ea p\u00ea\u015fk\u00ea\u015f dike.<\/span><\/p>\n<\/div><\/div><\/div><\/div><\/div>\n","protected":false},"excerpt":{"rendered":"","protected":false},"author":2,"featured_media":10693,"parent":0,"menu_order":0,"comment_status":"closed","ping_status":"closed","template":"100-width.php","meta":{"footnotes":""},"class_list":["post-10691","page","type-page","status-publish","has-post-thumbnail","hentry"],"_links":{"self":[{"href":"https:\/\/space21.org\/ckb\/wp-json\/wp\/v2\/pages\/10691","targetHints":{"allow":["GET"]}}],"collection":[{"href":"https:\/\/space21.org\/ckb\/wp-json\/wp\/v2\/pages"}],"about":[{"href":"https:\/\/space21.org\/ckb\/wp-json\/wp\/v2\/types\/page"}],"author":[{"embeddable":true,"href":"https:\/\/space21.org\/ckb\/wp-json\/wp\/v2\/users\/2"}],"replies":[{"embeddable":true,"href":"https:\/\/space21.org\/ckb\/wp-json\/wp\/v2\/comments?post=10691"}],"version-history":[{"count":0,"href":"https:\/\/space21.org\/ckb\/wp-json\/wp\/v2\/pages\/10691\/revisions"}],"wp:featuredmedia":[{"embeddable":true,"href":"https:\/\/space21.org\/ckb\/wp-json\/wp\/v2\/media\/10693"}],"wp:attachment":[{"href":"https:\/\/space21.org\/ckb\/wp-json\/wp\/v2\/media?parent=10691"}],"curies":[{"name":"wp","href":"https:\/\/api.w.org\/{rel}","templated":true}]}}