{"id":10668,"date":"2026-01-01T20:43:53","date_gmt":"2026-01-01T17:43:53","guid":{"rendered":"https:\/\/space21.org\/nistecihbun\/"},"modified":"2026-03-02T19:18:11","modified_gmt":"2026-03-02T16:18:11","slug":"nistecihbun","status":"publish","type":"page","link":"https:\/\/space21.org\/ckb\/nistecihbun\/","title":{"rendered":"Ni\u015ftec\u00eehb\u00fbn"},"content":{"rendered":"<div class=\"fusion-fullwidth fullwidth-box fusion-builder-row-1 fusion-flex-container has-pattern-background has-mask-background nonhundred-percent-fullwidth non-hundred-percent-height-scrolling\" style=\"--awb-border-radius-top-left:0px;--awb-border-radius-top-right:0px;--awb-border-radius-bottom-right:0px;--awb-border-radius-bottom-left:0px;--awb-padding-top:0px;--awb-padding-right:0px;--awb-padding-bottom:0px;--awb-padding-left:0px;--awb-flex-wrap:wrap;\" ><div class=\"fusion-builder-row fusion-row fusion-flex-align-items-flex-start fusion-flex-content-wrap\" style=\"max-width:1300px;margin-left: calc(-4% \/ 2 );margin-right: calc(-4% \/ 2 );\"><div class=\"fusion-layout-column fusion_builder_column fusion-builder-column-0 fusion_builder_column_1_1 1_1 fusion-flex-column\" style=\"--awb-bg-size:cover;--awb-width-large:100%;--awb-margin-top-large:0px;--awb-spacing-right-large:0px;--awb-margin-bottom-large:20px;--awb-spacing-left-large:0px;--awb-width-medium:100%;--awb-order-medium:0;--awb-spacing-right-medium:1.92%;--awb-spacing-left-medium:1.92%;--awb-width-small:100%;--awb-order-small:0;--awb-spacing-right-small:1.92%;--awb-spacing-left-small:1.92%;\" data-scroll-devices=\"small-visibility,medium-visibility,large-visibility\"><div class=\"fusion-column-wrapper fusion-column-has-shadow fusion-flex-justify-content-flex-start fusion-content-layout-column\"><div class=\"fusion-text fusion-text-1\"><p><span data-sheets-root=\"1\">Bernameya Ni\u015ftec\u00eehb\u00fbna SPACE21 dan\u00fbstandina afir\u00eener \u00fb hevkariya di navbera hunermend\u00ean Kurd \u00ean her\u00eam\u00ee \u00fb prat\u00eesyen\u00ean navnetewey\u00ee di hunera deng, muz\u00eeka ceribandin\u00ee \u00fb d\u00ees\u00eepl\u00een\u00ean t\u00eakildar de p\u00ea\u015f dixe. Ni\u015ftec\u00eehb\u00fbna me platformek b\u00eahempa p\u00ea\u015fk\u00ea\u015f\u00ee hunermendan dike da ku xwe di \u00e7ar\u00e7oveya \u00e7and\u00ee ya zind\u00ee ya Sil\u00eamaniy\u00ea de bihel\u00eenin, zan\u00een\u00ea parve bikin \u00fb berhem\u00ean n\u00fb y\u00ean ku ji m\u00eerateya deng\u00ee ya dewlemend a baj\u00ear \u00eelham girtine p\u00ea\u015fve bibin. Bi r\u00eaya ni\u015ftec\u00eeb\u00fbn\u00ea, hunermend\u00ean bijart\u00ee derfeta wan heye ku be\u015fdar\u00ee diyalogek watedar, projey\u00ean hevkariy\u00ea \u00fb f\u00earb\u00fbna \u00e7and\u00ee ya navber bibin. Em haw\u00eerdorek d\u00eenam\u00eek diafir\u00eenin ku perspekt\u00eef\u00ean her\u00eam\u00ee \u00fb navnetewey\u00ee l\u00ea dicivin, dan\u00fbstandina raman, tekn\u00eek \u00fb v\u00eezyon\u00ean huner\u00ee p\u00ea\u015f dixin. Ni\u015ftec\u00eeh t\u00eane te\u015fw\u00eeq kirin ku c\u00eeh\u00ean cih\u00eareng \u00ean baj\u00ear &#8211; cih\u00ean d\u00eerok\u00ee, cih\u00ean gi\u015ft\u00ee \u00fb studyoy\u00ean hemdem &#8211; bikolin dema ku bi civaka her\u00eam\u00ee re mij\u00fbl dibin \u00fb be\u015fdar\u00ee p\u00ea\u015fve\u00e7\u00fbna domdar a peyzaja deng\u00ee ya Kurdistan\u00ea dibin. Ni\u015ftec\u00eehb\u00fbna SPACE21 bi p\u00ea\u015fk\u00ea\u015fkirin\u00ean gi\u015ft\u00ee, atolyeyan an performans\u00ean xwe digih\u00eeje l\u00fbtkey\u00ea, ku dih\u00eale hunermend p\u00eavajo \u00fb encam\u00ean xwe y\u00ean afir\u00eener bi tema\u015fevanek berfirehtir re parve bikin. Bi pi\u015ftgiriya v\u00ea dan\u00fbstandin\u00ea, SPACE21 armanc dike ku tor\u00ean may\u00eende ava bike, r\u00eawerz\u00ean huner\u00ee y\u00ean n\u00fb \u00eelham bike \u00fb ekos\u00eestema \u00e7and\u00ee ya her\u00eam\u00ea dewlemend bike. Tevl\u00ee SPACE21 Residence bibin da ku bibin be\u015fek ji civatek gerd\u00fbn\u00ee ku ji bo n\u00fbjen\u00ee, diyalog \u00fb \u00eemkan\u00ean b\u00eadaw\u00ee y\u00ean deng hatiye veqetandin.       <\/span><\/p>\n<\/div><\/div><\/div><\/div><\/div>\n","protected":false},"excerpt":{"rendered":"","protected":false},"author":2,"featured_media":10669,"parent":0,"menu_order":0,"comment_status":"closed","ping_status":"closed","template":"100-width.php","meta":{"footnotes":""},"class_list":["post-10668","page","type-page","status-publish","has-post-thumbnail","hentry"],"_links":{"self":[{"href":"https:\/\/space21.org\/ckb\/wp-json\/wp\/v2\/pages\/10668","targetHints":{"allow":["GET"]}}],"collection":[{"href":"https:\/\/space21.org\/ckb\/wp-json\/wp\/v2\/pages"}],"about":[{"href":"https:\/\/space21.org\/ckb\/wp-json\/wp\/v2\/types\/page"}],"author":[{"embeddable":true,"href":"https:\/\/space21.org\/ckb\/wp-json\/wp\/v2\/users\/2"}],"replies":[{"embeddable":true,"href":"https:\/\/space21.org\/ckb\/wp-json\/wp\/v2\/comments?post=10668"}],"version-history":[{"count":0,"href":"https:\/\/space21.org\/ckb\/wp-json\/wp\/v2\/pages\/10668\/revisions"}],"wp:featuredmedia":[{"embeddable":true,"href":"https:\/\/space21.org\/ckb\/wp-json\/wp\/v2\/media\/10669"}],"wp:attachment":[{"href":"https:\/\/space21.org\/ckb\/wp-json\/wp\/v2\/media?parent=10668"}],"curies":[{"name":"wp","href":"https:\/\/api.w.org\/{rel}","templated":true}]}}