{"id":10652,"date":"2026-01-18T17:07:39","date_gmt":"2026-01-18T14:07:39","guid":{"rendered":"https:\/\/space21.org\/alikari\/"},"modified":"2026-03-02T19:18:10","modified_gmt":"2026-03-02T16:18:10","slug":"alikari","status":"publish","type":"page","link":"https:\/\/space21.org\/ckb\/alikari\/","title":{"rendered":"Al\u00eekar\u00ee"},"content":{"rendered":"<p><div class=\"fusion-bg-parallax\" data-bg-align=\"center center\" data-direction=\"up\" data-mute=\"false\" data-opacity=\"100\" data-velocity=\"-0.1\" data-mobile-enabled=\"true\" data-break_parents=\"0\" data-bg-image=\"https:\/\/space21.org\/wp-content\/uploads\/slider2\/S21F1.jpeg\" data-bg-repeat=\"false\" data-bg-color=\"rgba(0,0,0,0.6)\" data-blend-mode=\"multiply\" ><\/div><div class=\"fusion-fullwidth fullwidth-box fusion-builder-row-1 fusion-flex-container has-pattern-background has-mask-background fusion-parallax-up hundred-percent-fullwidth non-hundred-percent-height-scrolling\" style=\"--awb-background-blend-mode:multiply;--awb-border-radius-top-left:0px;--awb-border-radius-top-right:0px;--awb-border-radius-bottom-right:45px;--awb-border-radius-bottom-left:45px;--awb-overflow:hidden;--awb-min-height:35vh;--awb-background-color:rgba(0,0,0,0.6);--awb-background-image:url(&quot;https:\/\/space21.org\/wp-content\/uploads\/slider2\/S21F1.jpeg&quot;);--awb-background-size:cover;--awb-flex-wrap:wrap;\" data-preload-img=\"https:\/\/space21.org\/wp-content\/uploads\/slider2\/S21F1.jpeg\" ><div class=\"fusion-builder-row fusion-row fusion-flex-align-items-flex-start fusion-flex-justify-content-center fusion-flex-content-wrap\" style=\"width:104% !important;max-width:104% !important;margin-left: calc(-4% \/ 2 );margin-right: calc(-4% \/ 2 );\"><div class=\"fusion-layout-column fusion_builder_column fusion-builder-column-0 fusion_builder_column_1_1 1_1 fusion-flex-column fusion-flex-align-self-stretch\" style=\"--awb-bg-size:cover;--awb-width-large:100%;--awb-margin-top-large:0px;--awb-spacing-right-large:0px;--awb-margin-bottom-large:0px;--awb-spacing-left-large:0px;--awb-width-medium:100%;--awb-order-medium:0;--awb-spacing-right-medium:1.92%;--awb-spacing-left-medium:1.92%;--awb-width-small:100%;--awb-order-small:0;--awb-spacing-right-small:1.92%;--awb-spacing-left-small:1.92%;\"><div class=\"fusion-column-wrapper fusion-column-has-shadow fusion-flex-justify-content-center fusion-content-layout-column\"><div class=\"fusion-title title fusion-title-1 fusion-title-center fusion-title-text fusion-title-size-three\" style=\"--awb-text-color:var(--awb-color1);--awb-margin-bottom:0px;--awb-margin-top-small:0px;--awb-margin-bottom-small:20px;--awb-font-size:26px;\"><div class=\"title-sep-container title-sep-container-left\"><div class=\"title-sep sep- sep-solid\" style=\"border-color:var(--awb-color3);\"><\/div><\/div><span class=\"awb-title-spacer\"><\/span><h3 class=\"fusion-title-heading title-heading-center fusion-responsive-typography-calculated\" style=\"font-family:var(--awb-typography1-font-family);font-weight:var(--awb-typography1-font-weight);font-style:var(--awb-typography1-font-style);margin:0;letter-spacing:var(--awb-typography1-letter-spacing);text-transform:uppercase;font-size:1em;--fontSize:26;line-height:var(--awb-typography1-line-height);\">Al\u00eekar\u00ee<\/h3><span class=\"awb-title-spacer\"><\/span><div class=\"title-sep-container title-sep-container-right\"><div class=\"title-sep sep- sep-solid\" style=\"border-color:var(--awb-color3);\"><\/div><\/div><\/div><\/div><\/div><\/div><\/div><div class=\"fusion-fullwidth fullwidth-box fusion-builder-row-2 fusion-flex-container has-pattern-background has-mask-background nonhundred-percent-fullwidth non-hundred-percent-height-scrolling\" style=\"--awb-border-radius-top-left:0px;--awb-border-radius-top-right:0px;--awb-border-radius-bottom-right:0px;--awb-border-radius-bottom-left:0px;--awb-flex-wrap:nowrap;\" ><div class=\"fusion-builder-row fusion-row fusion-flex-align-items-center fusion-flex-justify-content-center fusion-flex-content-wrap\" style=\"max-width:1300px;margin-left: calc(-4% \/ 2 );margin-right: calc(-4% \/ 2 );\"><div class=\"fusion-layout-column fusion_builder_column fusion-builder-column-1 fusion_builder_column_1_1 1_1 fusion-flex-column fusion-flex-align-self-center\" style=\"--awb-bg-size:cover;--awb-width-large:100%;--awb-margin-top-large:15px;--awb-spacing-right-large:1.92%;--awb-margin-bottom-large:15px;--awb-spacing-left-large:1.92%;--awb-width-medium:100%;--awb-order-medium:0;--awb-spacing-right-medium:1.92%;--awb-spacing-left-medium:1.92%;--awb-width-small:100%;--awb-order-small:0;--awb-spacing-right-small:1.92%;--awb-spacing-left-small:1.92%;\"><div class=\"fusion-column-wrapper fusion-column-has-shadow fusion-flex-justify-content-space-between fusion-content-layout-row\"><div class=\"fusion-text fusion-text-1\" style=\"--awb-font-size:16px;--awb-line-height:1.3;--awb-letter-spacing:1px;--awb-text-transform:none;--awb-text-color:var(--awb-color1);--awb-user-select:none;--awb-text-font-family:&quot;Inder&quot;;--awb-text-font-style:normal;--awb-text-font-weight:400;\"><p style=\"text-align: center;\"><span data-sheets-root=\"1\">SPACE21 destp\u00ea\u015fxeriyeke serbixwe \u00fb hunermend-bir\u00eavebir e ku ji bo p\u00ea\u015fxistina deng \u00fb muz\u00eeka n\u00fbjen li Kurdistan\u00ea \u00fb dervey\u00ee w\u00ea hatiye veqetandin. M\u00eesyona me pi\u015ftgir\u00eekirina hunermend\u00ean her\u00eam\u00ee, p\u00ea\u015fxistina dan\u00fbstandina afir\u00eener \u00fb an\u00eena ezm\u00fbn\u00ean deng\u00ee y\u00ean hemdem bo qad\u00ean gi\u015ft\u00ee \u00fb tema\u015fevan\u00ean n\u00fb ye. Wek\u00ee r\u00eaxistineke serbixwe, em xwe disp\u00earin dilxwaziya pi\u015ftgir\u00ean m\u00eena we. Bex\u015f\u00ean we dih\u00eale ku em kar\u00ea xwe bidom\u00eenin: projey\u00ean n\u00fb kom\u00eesyon dikin, performans\u00ean \u015fore\u015fger p\u00ea\u015fk\u00ea\u015f dikin, \u00fb platformek ji bo hunermend\u00ean n\u00fb \u00fb y\u00ean damezrand\u00ee peyda dikin. Her bex\u015f al\u00eekariya me dike ku em civaka xwe xurt bikin \u00fb deng\u00ea hunermend\u00ean ku dibe ku kar\u00ea wan ney\u00ea bih\u00eestin bilind bikin. Bi pi\u015ftgiriya SPACE21, h\u00fbn dibin be\u015fek ji toreke zind\u00ee ku ji bo \u015fekildana p\u00ea\u015feroja deng \u00fb muz\u00eek\u00ea hatiye veqetandin. Dilovaniya we serxweb\u00fbna me didom\u00eene \u00fb pi\u015ftrast dike ku em dikarin bi h\u00eaza huner\u00ea mirovan \u00eelham bikin, dijwar bikin \u00fb bi hev ve gir\u00eabidin. Ger h\u00fbn baweriya xwe bi gir\u00eengiya \u00e7anda serbixwe \u00fb hunermend-bir\u00eavebir t\u00eenin, ji kerema xwe bex\u015fek\u00ea bikin. Bi hev re, em dikarin berdewam bikin ku c\u00fbdahiyek \u00e7\u00eabikin &#8211; dengek bi deng.        <\/span><\/p>\n<\/div><\/div><\/div><\/div><\/div><div class=\"fusion-fullwidth fullwidth-box fusion-builder-row-3 fusion-flex-container has-pattern-background has-mask-background nonhundred-percent-fullwidth non-hundred-percent-height-scrolling\" style=\"--awb-border-radius-top-left:0px;--awb-border-radius-top-right:0px;--awb-border-radius-bottom-right:0px;--awb-border-radius-bottom-left:0px;--awb-flex-wrap:wrap;\" ><div class=\"fusion-builder-row fusion-row fusion-flex-align-items-flex-start fusion-flex-content-wrap\" style=\"max-width:1300px;margin-left: calc(-4% \/ 2 );margin-right: calc(-4% \/ 2 );\"><div class=\"fusion-layout-column fusion_builder_column fusion-builder-column-2 fusion_builder_column_1_1 1_1 fusion-flex-column\" style=\"--awb-bg-size:cover;--awb-width-large:100%;--awb-margin-top-large:0px;--awb-spacing-right-large:1.92%;--awb-margin-bottom-large:20px;--awb-spacing-left-large:1.92%;--awb-width-medium:100%;--awb-order-medium:0;--awb-spacing-right-medium:1.92%;--awb-spacing-left-medium:1.92%;--awb-width-small:100%;--awb-order-small:0;--awb-spacing-right-small:1.92%;--awb-spacing-left-small:1.92%;\"><div class=\"fusion-column-wrapper fusion-column-has-shadow fusion-flex-justify-content-flex-start fusion-content-layout-column\"><div style=\"text-align:center;\"><a class=\"fusion-button button-flat fusion-button-default-size button-default fusion-button-default button-1 fusion-button-default-span fusion-button-default-type\" style=\"--button_text_transform:var(--awb-typography2-text-transform);--button_font_size:var(--awb-typography2-font-size);--button_line_height:var(--awb-typography2-line-height);--button_typography-letter-spacing:var(--awb-typography2-letter-spacing);--button_typography-font-family:var(--awb-typography2-font-family);--button_typography-font-weight:var(--awb-typography2-font-weight);--button_typography-font-style:var(--awb-typography2-font-style);--button_margin-bottom:0px;\" target=\"_blank\" rel=\"noopener noreferrer\" href=\"https:\/\/www.paypal.com\/donate\/?hosted_button_id=Z4E969FJT9VE4\"><span class=\"fusion-button-text awb-button__text awb-button__text--default\">PI\u015eTGIRIYA ME BIKIN<\/span><\/a><\/div><\/div><\/div><\/div><\/div><\/p>\n","protected":false},"excerpt":{"rendered":"","protected":false},"author":2,"featured_media":10654,"parent":0,"menu_order":0,"comment_status":"closed","ping_status":"closed","template":"100-width.php","meta":{"footnotes":""},"class_list":["post-10652","page","type-page","status-publish","has-post-thumbnail","hentry"],"_links":{"self":[{"href":"https:\/\/space21.org\/ckb\/wp-json\/wp\/v2\/pages\/10652","targetHints":{"allow":["GET"]}}],"collection":[{"href":"https:\/\/space21.org\/ckb\/wp-json\/wp\/v2\/pages"}],"about":[{"href":"https:\/\/space21.org\/ckb\/wp-json\/wp\/v2\/types\/page"}],"author":[{"embeddable":true,"href":"https:\/\/space21.org\/ckb\/wp-json\/wp\/v2\/users\/2"}],"replies":[{"embeddable":true,"href":"https:\/\/space21.org\/ckb\/wp-json\/wp\/v2\/comments?post=10652"}],"version-history":[{"count":0,"href":"https:\/\/space21.org\/ckb\/wp-json\/wp\/v2\/pages\/10652\/revisions"}],"wp:featuredmedia":[{"embeddable":true,"href":"https:\/\/space21.org\/ckb\/wp-json\/wp\/v2\/media\/10654"}],"wp:attachment":[{"href":"https:\/\/space21.org\/ckb\/wp-json\/wp\/v2\/media?parent=10652"}],"curies":[{"name":"wp","href":"https:\/\/api.w.org\/{rel}","templated":true}]}}